ommon divisor of k and 603.
9
Suppose -39*z + 94*z = 8*z + 261132. What is the highest common factor of 12 and z?
12
Let v(a) = -5*a**2 + 40*a - 60. Let t be v(5). Calculate the highest common factor of t and 25.
5
Suppose 49*p + 888 = 57*p. Let t be 8*3/72*p. What is the highest common factor of t and 74?
37
Suppose -38*b = -25*b - 819. Let k(z) = z**2 + 3*z - 5. Let g be k(4). Let q = -16 + g. Calculate the highest common divisor of b and q.
7
Let h be (-36)/42*-7 - -16. Suppose -210 = 17*a - h*a. What is the greatest common factor of a and 105?
21
Let u be (-1)/(-2) + (24390/36 - -30). Calculate the greatest common divisor of u and 19647.
177
Suppose 2*c = h + 32, -5*c - 5*h = 64 - 159. Let z be -163 - -137 - (-3336)/8. What is the highest common factor of z and c?
17
Let c be (-1 - 0/(-1))*-14. Suppose 35*h - 31*h + 44 = 0, -3*g + 5*g - h - 151 = 0. What is the highest common factor of g and c?
14
Let p(a) = a**3 - 3*a**2 - 6*a - 1. Let r = -28 + 33. Let i be p(r). Let q = i + 29. What is the greatest common factor of q and 6?
6
Suppose -c + 96 = -352. Let q be ((-117)/9 - -5) + 36. Calculate the highest common factor of c and q.
28
Let p = 997 - 923. Calculate the highest common factor of 2701 and p.
37
Suppose 4*z + 3*a - 5*a + 2 = 0, -4*a - 14 = z. Let v be (103 - z)/((6/4)/1). Calculate the highest common divisor of 20 and v.
10
Let p be -8*(51/(-12) - -3). Let r(m) = 165*m - 8060. Let l be r(49). Calculate the highest common divisor of p and l.
5
Let u = 26 + 64. Let q be ((-51)/(-5))/(3/u). What is the greatest common divisor of 34 and q?
34
Suppose 476 = 3*t + 4*a, -83*a + 81*a - 776 = -5*t. Calculate the greatest common divisor of t and 32916.
156
Let z be (-11232)/(-513) - 2/(-19). What is the highest common divisor of 638 and z?
22
Suppose 247 = 6*r - 185. Calculate the highest common factor of 3096 and r.
72
Let x = 3671 - 3595. Calculate the highest common divisor of x and 5.
1
Let g(k) = -2*k**3 - 2*k**2 + 4*k + 5. Let v be g(-2). Let h be -2*-6*(-2)/10*v. Let y = h - -39. Calculate the greatest common divisor of y and 27.
27
Let q be (-9 + (-1978)/(-215) + (-11 - -1))*-5. Let d be (-1 + 2)*-1 + 3. Calculate the greatest common divisor of q and d.
1
Suppose 19 + 49 = -2*z + 2*i, -3*i - 46 = z. Let g = 73 - z. What is the greatest common factor of 10 and g?
10
Suppose 12*c - 2706 = c. Suppose -5*m = -2*j + j - c, 100 = 2*m - 2*j. Let h be (5 + 95/(-15))/(4/(-42)). What is the greatest common divisor of h and m?
7
Let t = -1153 - -1171. Calculate the highest common divisor of 153 and t.
9
Suppose 2*i = 2, i - 3061 = 126*q - 129*q. What is the greatest common divisor of q and 2652?
204
Suppose 0 = -2*b + 4, -3 - 21 = -4*t + 4*b. Let a be 928*(t/16)/1. Calculate the greatest common factor of a and 29.
29
Let l = 656 + -609. What is the greatest common factor of 1457 and l?
47
Let b = -62 - -127. Let g = -358 - -354. Let s be (-555)/148*g/3. Calculate the highest common factor of s and b.
5
Suppose -3*n + 4*v = -1505 + 325, v = -2*n + 783. Let w(s) = s**2 - 6*s - 23. Let h be w(-6). What is the greatest common divisor of n and h?
49
Let l = -137 + 116. Let j be (-816)/(-8) - 7/(l/6). Calculate the greatest common divisor of j and 13.
13
Let a = 1850 - 1838. What is the greatest common divisor of a and 1236?
12
Let v(m) = m**2 - 2*m - 4. Let n be (38/8 - (-12)/48) + 0. Let d be v(n). Calculate the greatest common factor of 22 and d.
11
Let a(b) = -b**2 - 71*b + 60. Let f be a(-31). What is the greatest common factor of 104 and f?
52
Suppose -14*z = -69*z + 715. What is the highest common factor of 4901 and z?
13
Suppose 3*h + 4 = 5*h, 2*c + 5*h - 36 = 0. Suppose -3*i + 8 = 2*a - 2*i, -i = -5*a + c. What is the greatest common factor of a and 5?
1
Let v = -25 + -3. Let g be 12/v - 34/(-14). What is the highest common factor of 58 and g?
2
Let w(d) = -24*d + 1184. Let r be w(-42). Calculate the greatest common divisor of 16 and r.
16
Suppose w - 2125 = 1316. Suppose 15*k + 1221 = w. Calculate the greatest common divisor of 111 and k.
37
Let j be 282674/976 - 10/16. What is the highest common divisor of j and 119?
17
Let t be ((1/3)/(-1))/(105800/2520 - 42). Let q(j) = -4*j**3 - 2*j**2 + 2*j + 1. Let w be q(-2). What is the greatest common factor of w and t?
21
Suppose -15*w + 273 = -27. Suppose w = -4*p + 72. Calculate the greatest common divisor of 143 and p.
13
Let q be (-2)/2 + (-30)/(-1). Suppose 3*m = -12, -142*v = -141*v - 3*m - 331. Calculate the highest common factor of q and v.
29
Let w = -328 + 188. Let t = w + 142. Calculate the greatest common divisor of t and 9.
1
Let h be ((-40494)/(-78) - (-1 + 0)) + (-2)/13. Calculate the highest common factor of 2392 and h.
104
Suppose 81*p - 95*p = 195*p - 10032. Calculate the greatest common factor of p and 2288.
16
Suppose -2*d + 4*n = -1380, 21*n - 22*n - 1377 = -2*d. Suppose 7*o - 344 = 3*o. What is the greatest common divisor of d and o?
86
Let b(p) = 15*p - 117. Let w(j) = -14*j + 118. Let t(q) = 5*b(q) + 6*w(q). Let l be t(-9). Calculate the greatest common factor of l and 12.
12
Suppose -3*z + 277 = -308. Let q = z + -174. What is the highest common divisor of 3 and q?
3
Suppose 0*z - 31 = z + 4*q, 72 = -3*z - 5*q. Let m = z + 14. Let x be ((-8)/m + (-8)/(-20))/2. Calculate the highest common factor of x and 7.
1
Suppose -6*x + x = -5*v - 25, v = 4*x - 20. Let f(u) = u**2 - 3*u + 44. Let t be f(v). Calculate the highest common factor of t and 154.
22
Suppose -2555 + 20945 = 277*z - 7925. What is the highest common factor of 13015 and z?
95
Suppose 34320 = 39*h + 21*h. Suppose -2406 = -23*z + 1182. Calculate the greatest common factor of z and h.
52
Suppose -5*y + 15*v - 16*v + 98 = 0, 0 = 2*y - v - 49. What is the highest common factor of y and 19635?
21
Suppose 177*m - 2126 - 9161 + 136 = 0. Calculate the highest common factor of m and 15.
3
Let p be 472/(-354)*((-1 - 10) + -1). Calculate the highest common factor of 44176 and p.
16
Suppose -127*r + 11011 = 34*r - 18*r. What is the greatest common divisor of r and 3938?
11
Let y = 2993 - 2578. What is the greatest common factor of 2407 and y?
83
Let o(t) = 92*t + 2222. Let n be o(-22). What is the highest common factor of n and 165?
33
Let u(y) = 113*y - 3002. Let z be u(27). Suppose -23 = -5*k + 47. Calculate the highest common divisor of z and k.
7
Let f(t) = t**3 + 82*t**2 + 101*t + 37. Let z be f(-80). Calculate the greatest common factor of 142 and z.
71
Suppose -2*l + 3*w = -4539, -4*l + 9085 = -21*w + 16*w. Calculate the highest common factor of 120 and l.
120
Let g be (-4)/(-10) - 18*(-8)/40. Suppose -99 = -4*c + 77. Calculate the highest common factor of c and g.
4
Let z(w) = 3*w**2 + 27*w - 12. Let k be z(-9). Let g be (-4)/k + ((-124)/3)/4. Let x be g/(-4)*-3*4/(-3). What is the highest common factor of 50 and x?
10
Suppose 0 = -2*w - w + 117. Let q be -7 + ((-6)/(-4))/(33/4444). Calculate the highest common factor of w and q.
39
Suppose -11*o = -5*o - 3330. Suppose -2*g + 56 + 86 = -a, 5*g = -4*a - o. Let x be a/21*12/(-10). Calculate the greatest common divisor of 88 and x.
8
Suppose 732 = 5*s - 3*y, -3*y = -s + 5*s - 564. Suppose -206 - s = -5*n. Suppose 13*p + n = 18*p. What is the greatest common factor of p and 98?
14
Suppose 0 = 11*b - 22094 - 80547. What is the highest common divisor of 217 and b?
217
Let c = 22166 - 15975. What is the highest common factor of c and 164?
41
Suppose 44 + 36 = g. Let b(k) be the third derivative of k**4/6 - 10*k**3/3 - 6*k**2. Let f be b(9). What is the greatest common divisor of f and g?
16
Let j be (-2)/((-12)/27)*(-20 - -22). Let a = 61 - 52. Calculate the highest common factor of a and j.
9
Let o = -4062 - -4332. What is the highest common factor of 510 and o?
30
Let n(f) = -11*f - 17. Let o(r) = -10*r - 16. Let y(s) = 6*n(s) - 7*o(s). Let k be y(-6). Let z = k + 201. Calculate the highest common divisor of 17 and z.
17
Let d = 50 - 48. Suppose 3*m - d*m - 29 = -2*r, -3*m = 3. Suppose -4*h + 20 = 4*x, 2*h + x = 6*h - r. Calculate the highest common divisor of 12 and h.
4
Suppose -i = -20*v + 25*v - 433, 4*i + 332 = 4*v. What is the greatest common divisor of 7181 and v?
43
Suppose -55*j - 5314 + 69829 = 0. What is the highest common divisor of j and 23?
23
Let x = -